(i) = i - 17. Let r be y(14). Let t(n) = -4*n + 5. Calculate the remainder when 65 is divided by t(r).
14
Suppose 0 = -3*p - 4*r + 161, -217 = -3*p - p - 3*r. Suppose 0 = 9*u - 4*u - 55. What is the remainder when p is divided by u + 6/3 + 1?
13
Let o = 75 + -25. What is the remainder when o is divided by 18?
14
Suppose 243 + 57 = 5*a. Let i be (-1)/(1448/484 - 3). Let q = i - a. Calculate the remainder when q is divided by 16.
13
Let g(f) = f**2 + 6*f - 24. Let a be g(-8). Let m(w) = -2*w - w + w - 5. What is the remainder when m(a) is divided by 7?
4
What is the remainder when 48 is divided by -4 - (-26)/7 - (-184)/7?
22
Suppose -4*b + 8*b - 64 = 0. Calculate the remainder when 29 is divided by b.
13
Suppose -3 - 3 = -2*u. Suppose -5 = u*f - 32. Calculate the remainder when f is divided by 6.
3
Let s(o) = -2*o - 5. Let l be s(-4). Suppose -2*y + l*y = 3. Calculate the remainder when 3 is divided by y.
0
Suppose 3 = j + 4*r - 11, 3*r = -4*j + 69. What is the remainder when 69 is divided by j?
15
Suppose 5*m = -4*g - 158, -3*m - 2*g + 3*g = 88. Let u = -14 - m. Calculate the remainder when u is divided by 9.
7
Suppose 0 = 4*i - 13 + 1. Let d = 4 - i. What is the remainder when 2 is divided by d?
0
Suppose 0 = -18*d + 24*d - 276. What is the remainder when 135 is divided by d?
43
Suppose 11*g - 21*g = -300. What is the remainder when g is divided by 21?
9
Let b(l) = 25*l**2 + 1. Calculate the remainder when b(1) is divided by (-183)/(-21) - 4/(-14).
8
Let i be -7*15/(12/(-4)). Let l = 61 - i. What is the remainder when l is divided by 7 - (2/(-2) - 1)?
8
Let o(v) = v**2 + 4*v + 3. Let l be o(-3). Suppose 5*z + f = 8, l = -4*z - 3*f - f. What is the remainder when z/(-12)*-2*39 is divided by 7?
6
Let w be (-6 + 3)*4/6. What is the remainder when 53 is divided by 29 - (-4)/(4/w)?
26
Let h(p) = -3*p**3 + p + 1. Calculate the remainder when h(-2) is divided by 12.
11
Let o(x) = -x**3 - 4*x**2 + 5*x + 1. Let s be o(-5). Let r(t) = 14*t - 1. Calculate the remainder when r(s) is divided by 5.
3
Suppose 0 = 5*u - 10, -9 = 5*l + 5*u - 239. Calculate the remainder when l is divided by 24.
20
Let p = 80 + -47. Suppose 63 + p = 3*q. Calculate the remainder when q is divided by 11.
10
Suppose -2*r = -3*r. Suppose -4*k + 115 + 81 = r. Calculate the remainder when k is divided by 10.
9
Let t(k) = k**2 + 15*k - 17. Calculate the remainder when 50 is divided by t(-17).
16
Let k(v) = 17*v**2 + v - 1. What is the remainder when 55 is divided by k(-1)?
10
Let b(v) = 3*v**2 + 12*v + 12. Calculate the remainder when b(-6) is divided by 7.
6
Let f be 6/2 - 0 - 1. Suppose -f*d + 0*d + 4 = 0. Suppose -d*k + 28 = 2*k. What is the remainder when 13 is divided by k?
6
Suppose -3*f + 438 = -3*q, 4*f - 4*q = q + 586. What is the remainder when f is divided by 29?
28
Let t(h) = -h**3 - 6*h**2 + 7*h + 4. Let i be 14/4*(-5 - -3). What is the remainder when 10 is divided by t(i)?
2
Let w = -4 - 3. Let k be 107/w + 4/14. Calculate the remainder when ((-6)/k)/(1/45) is divided by 7.
4
Suppose 3*j = 5*f - 54, 5*j = -2*f + 4*f - 33. Calculate the remainder when 17 is divided by f.
8
Suppose -18 = c - 2*c. Let u = c + -7. Calculate the remainder when -32*3*(-1)/3 is divided by u.
10
Let r be 4/(3 + 0 + -2). Suppose -2*i = k - 17, -k - k - 22 = -r*i. Let y = i - -10. What is the remainder when y is divided by 9?
8
Calculate the remainder when 14 is divided by 12 + (0/(-1))/(1 + -2).
2
Suppose -4*b + 72 + 16 = 0. Let r(h) = -h**2 + 9*h. What is the remainder when b is divided by r(8)?
6
Let v(c) = c - 2. Let z be v(-4). Let b = 46 - 26. What is the remainder when b is divided by z*(-2 - -1) + 1?
6
Let k = 2 - -58. What is the remainder when k is divided by 32?
28
Let n = -18 + 30. Let v(a) = 10*a + 4. Let i be ((-2)/3)/(4/(-18)). Calculate the remainder when v(i) is divided by n.
10
Suppose -3*k - 4 = 4*f + 1, 3*f + k + 5 = 0. Let i = 4 - 2. Calculate the remainder when i is divided by (-1)/(-2*f/(-8)).
0
Let f(b) = -b. Let z be (-1)/(1*3/(-72)). Suppose n - 5*n + 4*j = -z, n = -j + 8. What is the remainder when n is divided by f(-4)?
3
Suppose 2*j + 22 = 5*c - 242, -3*c + 5*j + 166 = 0. Let f = c - 14. Calculate the remainder when f is divided by 20.
18
Let a = -4 + 7. Suppose 3*y - 2*d - 7 = 0, a*y - 3*d - 8 = -2*d. Calculate the remainder when y is divided by 2.
1
Let o = 7 + 7. Calculate the remainder when 53 is divided by o.
11
Suppose -d + 4*d - 54 = 0. Let v(n) = 35*n**3 + n**2 + n - 2. What is the remainder when v(1) is divided by d?
17
Let y = 5 + 1. Suppose -2*a = 3*p - 0*a - 6, 2*p + 4 = -4*a. What is the remainder when y is divided by p?
2
Let g = 204 + -144. Suppose p = -4*u + 60, 4*p - g = u - 5*u. What is the remainder when 44 is divided by u?
14
Suppose -3*a = -4 - 8. Let h(b) = -8*b**2 + 3 + 5*b**3 - a*b**3 - 7*b - 2*b**3. What is the remainder when h(-7) is divided by 2?
1
Suppose -3*p + t + 3 = 4*t, -2*t = p - 1. Let n be p*2/(-2)*5. Let v(w) = w**3 + 5*w**2 - 2*w - 5. Calculate the remainder when v(n) is divided by 4.
1
Suppose -w + 5*r - 1 = -5*w, 13 = 4*w + r. What is the remainder when 20 is divided by w/18 - (-122)/18?
6
Let h(y) = 9*y - 1. Let n be h(1). What is the remainder when (-282)/(-8) - (-6)/n is divided by 13?
10
Let h = 161 - 86. What is the remainder when h is divided by 13?
10
Let l = 0 - -7. Let u(q) = q**3 - 7*q**2 + 3*q - 7. What is the remainder when (-696)/(-27) - 2/(-9) is divided by u(l)?
12
Let g(q) = 5*q - 6. What is the remainder when 11 is divided by g(2)?
3
Let r(s) = s**2 + 1. Suppose l + l - 14 = 2*y, 4*l + 2*y - 22 = 0. Calculate the remainder when r(-4) is divided by l.
5
Suppose 0 = 2*l - 29 - 27. Let z = -18 + 7. Let h = 26 + z. What is the remainder when l is divided by h?
13
Let h(x) = x**2 - 19*x + 22. Calculate the remainder when 15 is divided by h(18).
3
Suppose 0*h = -4*h - 3*w + 19, 44 = 5*h - 3*w. Calculate the remainder when 25 is divided by h.
4
Let l = 41 + -15. What is the remainder when 103 is divided by l?
25
Let h = -17 - -29. Let s = h + 0. What is the remainder when 34 is divided by s?
10
Let d(o) = -o**2 - 6*o + 1. Let a be d(-6). Suppose 2*s = 3 + a. What is the remainder when 2 is divided by s?
0
Suppose q - 16 = -3*q. What is the remainder when (1 - 2)/(-1) - -10 is divided by (-2)/(-4) - (-14)/q?
3
Let s(h) = -2*h + 7. Suppose 0*f + 20 = 4*f. Let k be s(f). Calculate the remainder when 23 is divided by 12 + k/(-9)*0.
11
Suppose -46 = 2*h + 2*y, 4*y + 27 = -h + 2*y. Let t = 37 + h. Let c(r) = -7*r - 11. Calculate the remainder when c(-9) is divided by t.
16
Suppose 4*m = -3*o + 58 + 16, 3*m = 4*o + 43. Calculate the remainder when 2 + 2 + 29 - 0 is divided by m.
16
Let c(s) = s**3 - 11*s**2 - s + 5. Let n be c(11). What is the remainder when (8/n)/((-4)/102) is divided by 9?
7
Suppose c - 27 = -g - 2*g, 0 = c + 2*g - 25. Calculate the remainder when c is divided by 12.
9
Let j = -14 + 39. Suppose -4*d - d = -j. Suppose -d*s + 23 = -2. What is the remainder when 8 is divided by s?
3
Suppose 0 = 2*n - 4, -4*k + 16 + 34 = 5*n. Calculate the remainder when 88 is divided by k.
8
Suppose 0 = -3*t - 15, 3*t - 66 = 4*y + t. Let r = y - -35. Let x(l) = -l + 46. Calculate the remainder when x(0) is divided by r.
14
Suppose 2*l + l = 12. What is the remainder when 7 is divided by l/(-10) - 12/(-5)?
1
Let r be (8/(-5) - -2)*10. Suppose 354 = -b + r*b. Suppose 5*j - 32 - b = -5*n, -2*j - 178 = -5*n. What is the remainder when n is divided by 12?
10
Let x(o) = o + 24. What is the remainder when 33 is divided by x(-7)?
16
What is the remainder when ((-2)/7)/((-3)/84) is divided by 3?
2
Suppose 3*y + 2*o - 9 = 0, -4*o + 8 = 4*y - 4. Calculate the remainder when 8 is divided by y.
2
Calculate the remainder when 98 is divided by 2*(2 - (-145)/10).
32
Calculate the remainder when ((-279)/18)/((-1)/6) is divided by 16.
13
Let f(m) = m**3 + 16*m**2 + 10*m - 27. What is the remainder when f(-15) is divided by 15?
3
Let h(y) = -94*y**3 - 2*y**2 - 5*y - 4. What is the remainder when h(-1) is divided by 24?
21
Suppose 5*x - 93 + 403 = 0. Let n = x + 89. Calculate the remainder when n is divided by 7.
6
Let n = -232 - -241. Let q = 16 + 8. What is the remainder when q is divided by n?
6
Suppose 3*x - 4*x = -16. Suppose -3*t = -29 